of o?
2, 5, 13
Suppose 5*c = 316 + 64. Let s be c/(-57)*(-14 + -1). Suppose -2*t = -t - s. List the prime factors of t.
2, 5
Let w = 65629 - 24520. What are the prime factors of w?
3, 71, 193
Suppose 4*r + 229 - 261 = 0. Suppose 0 = -4*c - r, 4*c - 9*c + 3562 = 4*m. What are the prime factors of m?
19, 47
Let c(q) = 7*q**2 + 13. Let l be c(4). Suppose 5*w - 15 + 0 = 0, 4*d + w = 279. Let v = l - d. What are the prime factors of v?
2, 7
Suppose 0 = -15*o + 23*o - 24. Let b be o - 2 - (-8 + 5). Suppose n - 65 + 1101 = 4*l, -259 = -l + b*n. What are the prime factors of l?
7, 37
Let t(y) = 4*y - 22. Let l be t(6). Suppose 1505 = l*a + 3*a. List the prime factors of a.
7, 43
Let x be (-9)/(-12) - (-1)/4*-3. Suppose x = 2*v + 5*o - 942, 0 = 4*v - v + o - 1387. List the prime factors of v.
461
Let b be 71*((-2)/(-21) + (-138)/126). Let i = 64 + -154. Let j = b - i. What are the prime factors of j?
19
List the prime factors of 2/(-6) - 694384/(-18) - (-272)/612.
3, 7, 11, 167
Let s(f) = 465*f - 728. What are the prime factors of s(31)?
13687
Let m(r) = 17*r**2 + 6*r - 3. Let v(k) = 37*k**2 + 11*k - 7. Let i(w) = 13*m(w) - 6*v(w). List the prime factors of i(8).
5, 7
Suppose 2*l + j + 10 = 28, 0 = -l + 2*j + 14. Suppose -l - 14 = -6*s. What are the prime factors of 58 - s*(-2)/2?
2, 31
Let n = 13 - 8. Let b = n + 178. Suppose -10*g + b = -7*g. What are the prime factors of g?
61
Suppose -116654 = 121*k - 168*k. What are the prime factors of k?
2, 17, 73
Let o(y) = 1564*y + 2237. List the prime factors of o(4).
3, 19, 149
Let h = 31533 - -977. What are the prime factors of h?
2, 5, 3251
Let g be (-4052)/(-3) + 84/252. Let c = g - 845. List the prime factors of c.
2, 11, 23
Let g(z) = 0*z**2 + 25*z + 6*z**2 - 126 + 183. What are the prime factors of g(-10)?
11, 37
Let o be 0/(-6 + (2 - -2)). Let h be 10 - (-4 - -6 - o). What are the prime factors of h/(-28) + 256/14?
2, 3
Suppose 3*f - 158249 = j, 212*f - 2*j - 263748 = 207*f. List the prime factors of f.
2, 5, 211
Let h(m) = 3*m**2 + 85*m - 18. Let p be h(-29). Suppose -5*f + 78 = w - 11, 0 = -f - 2. Let c = w - p. What are the prime factors of c?
59
Let j = 606 + 2502. List the prime factors of j.
2, 3, 7, 37
Suppose 62848 = 4*y - 4*s, 9*y - 2*s + 47116 = 12*y. List the prime factors of y.
2, 3, 7, 11, 17
Suppose 11*f - 2727 = 1926. Suppose -4*p + 0*l + 22 = 2*l, -4*p - 4*l = -28. Suppose -s - s + 201 = 3*m, -m = -p*s + f. What are the prime factors of s?
3, 5, 7
Suppose 0 = n + 5, -42*n = -2*g - 44*n + 12924. What are the prime factors of g?
29, 223
Suppose 3*d = 10 - 7. What are the prime factors of -1*(-3)/d + 0 - -243?
2, 3, 41
Suppose 0 = -3*a - 5*z + 28108, -291*z = 2*a - 293*z - 18712. What are the prime factors of a?
11, 23, 37
Suppose -5*p = -2*j - 3*j - 30, 0 = 5*j - 2*p + 30. What are the prime factors of (-12)/j*-2*442/(-4)?
2, 13, 17
Let y(j) = -133*j. Let m(a) = a - 1. Let c(q) = -5*m(q) + y(q). What are the prime factors of c(-4)?
557
Let z be 40/75*6*5 - 0. Suppose 14*f + 1584 = z*f. What are the prime factors of f?
2, 3, 11
Let l be (9/((-90)/4))/((-2)/10). Suppose -2*f + l*z + 28 = 0, 5*f + 3*z = f + 21. Suppose 2*d - 31 = -f. List the prime factors of d.
11
List the prime factors of (-20)/36 - 223250/(-171).
3, 5, 29
Let c = 736 + -560. What are the prime factors of c?
2, 11
Let p(j) = j**2 - 6. Let x be p(6). Suppose 0*u = 4*u + 5*k + x, -2*u - 2*k = 14. List the prime factors of ((-3)/(-2))/(u/(-210)).
3, 7
Let k be 48/9*25/(-20)*-51. Suppose -k*r + 334*r = -2628. What are the prime factors of r?
2, 3, 73
Suppose 0 = 5*z - 2*u - 13 - 262, -3*u = 0. Suppose 19*g - 93*g + 1216 = 2*g. Let f = z - g. List the prime factors of f.
3, 13
Suppose 15*c - 22*c = -14. Suppose -k + 433 = 2*t - 3*t, 2177 = 5*k - c*t. What are the prime factors of k?
19, 23
Suppose 2*o - 160 = -3*g + 228, 4*o - 5*g = 754. Let w = -170 + o. List the prime factors of w.
3, 7
Let r be (-78)/(-1)*(-70)/(-45)*-3. Let c = 541 + r. List the prime factors of c.
3, 59
Suppose -4*z - 11036 = 2*z - 36134. List the prime factors of z.
47, 89
Suppose 3117 = 13*t - 13731. What are the prime factors of t?
2, 3
Suppose -3*k - 3960 = -5*x, 85*x - 87*x = 6. List the prime factors of 4 + (6 + -2 - k/5).
3, 7, 13
Suppose 0 = 9*g - 13*g + 72. Let j be 9/(-3 + g/4). Suppose j*q - 50 = q + 5*a, 0 = 3*q - 5*a - 22. List the prime factors of q.
2, 7
Suppose -3*t - 5*u = -13, 11*t - 6 = 9*t - 2*u. What are the prime factors of (-2008)/((t + -2)/((-11)/(-22)))?
2, 251
List the prime factors of 10*-1201*(-9)/18.
5, 1201
Let x(q) = 202*q**2 - 125*q - 32. What are the prime factors of x(-12)?
2, 7639
Suppose 1 = 3*v - 11. Suppose -2*c + v*l + 66 + 214 = 0, 4*l = 3*c - 414. What are the prime factors of c?
2, 67
Let m(r) = r**3 + r**2 + 3*r - 26. Let v be m(0). Let a = v - -14. List the prime factors of (-9)/a - 0 - (-113)/4.
29
Let y be ((-8 - 368)/8)/((-2)/2). List the prime factors of 1128/y*(194/8 + -1).
2, 3, 31
What are the prime factors of 6/26 + 2098548/351?
3, 1993
Suppose -4*q - 4*m + 64216 = 0, 319*m - 315*m = q - 16044. List the prime factors of q.
2, 4013
Let i = 116942 - 40712. What are the prime factors of i?
2, 3, 5, 7, 11
Suppose 124*k - 2124600 = -67*k + 3440949. List the prime factors of k.
3, 11, 883
Let s be (6 + 1 + -6)*0. Suppose s = -15*u - 9*u + 5784. What are the prime factors of u?
241
List the prime factors of 12*3*538/6.
2, 3, 269
Let u(w) = w**3 - 19*w**2 + 15*w + 56. Let o be u(18). Suppose -2*m + 166 = 5*g, 3*g - g - 154 = -o*m. List the prime factors of m.
73
Let s = -11 + 21. Let d(a) = -a**3 + 9*a**2 + 10*a - 4. Let f be d(s). What are the prime factors of f/(-14) - (-2577)/21?
3, 41
Let o = 243 - 133. Suppose 62 + o = 4*u. Suppose -5*r + m + u = -50, -5*r + 87 = -4*m. What are the prime factors of r?
19
Let y(k) = k**3 - 8*k**2 + 4. Let v be y(8). Suppose 365 = -v*t + 3*u + 2*u, 0 = -5*t - 2*u - 415. Let c = t - -171. What are the prime factors of c?
2, 43
Suppose 3*p - 52 = -w, 2*p + 2*w = 3*w + 38. Suppose -18 = -2*r - p. Suppose r = 17*k - 5*k - 936. List the prime factors of k.
2, 3, 13
Let k = -148 + 218. Suppose -4*f = -46 + k. List the prime factors of (-1 - 0 - -9)/(f/(-24)).
2
Suppose -y - 2*f = -20136, 43163 + 37436 = 4*y - 3*f. List the prime factors of y.
2, 7, 1439
What are the prime factors of 33382 + 0 + 13 - -1?
2, 3, 11, 23
Suppose -p = 5*w - 1086, 5*w = -2*p + 2*w + 2158. What are the prime factors of p?
2, 269
Let n = -161 + 167. Suppose -d = 2*g - 421, -7*g + n*g = -5*d + 2061. What are the prime factors of d?
7, 59
Suppose 3*b - 12 - 5 = -a, -4*a = 2*b - 18. Let n(j) = -4*j**a + 3 + 0 + 22*j**2 - 4. What are the prime factors of n(1)?
17
Let h(g) = 2*g**2 + 1 - 5 + 59*g**3 - 7 - 182*g**3 + 3 - g. List the prime factors of h(-2).
2, 17, 29
Suppose 3*u + 6631 = 2*p - 3190, 0 = -p + u + 4910. List the prime factors of p.
4909
Let b be 2/(5 - 4) + 70 + -2. What are the prime factors of (7/(b/384))/(16/240)?
2, 3
Suppose -36*w - 77*w + 3034990 = 78*w. List the prime factors of w.
2, 5, 7, 227
Suppose 2*i + 3*x + 343 = 2097, 4 = 2*x. Let s = i + -556. Let p = -151 + s. What are the prime factors of p?
167
Let k = -12 - -16. Suppose k*s = 6*s - 8. Suppose -s*t + c + 264 + 171 = 0, 4*c - 4 = 0. List the prime factors of t.
109
Let a = 1989 + -1778. What are the prime factors of a?
211
List the prime factors of (228/(-19) - -15) + 42436.
31, 37
Let a = -6 + 7. Let t = a + -7. What are the prime factors of (-2366)/(-35) + t/(-15)?
2, 17
Let r(l) = 48*l**2 - 17*l + 171. List the prime factors of r(6).
3, 599
Let x(h) = -186*h + 18. Let t be x(-6). Let p = -785 + t. List the prime factors of p.
349
Let v = 26 - 32. List the prime factors of ((-1015)/42)/(1/v).
5, 29
Suppose -356*u - 11808 = -365*u. Let c = u - 562. What are the prime factors of c?
2, 3, 5
Let r be -10*((-60)/8 - (2 - 8)). Let b(f) = 0*f - 2*f + 5*f**3 - 14*f**2 - 4*f**3. List the prime factors of b(r).
3, 5, 13
Let l(u) = 1403*u**2 - 1. Let s be (-5 + 2)/(0 + -3). What are the prime factors of l(s)?
2, 701
Let j(a) = a**2 - 39*a - 156. Let d be j(42). Suppose -w + 9 = -4*w. What are the prime factors of (5 - w)*d/(-4)?
2, 3, 5
Suppose -3*o - 2*q = -5420, -35*o + 30*o + 3*q + 9008 = 0. List the prime factors of o.
2, 11, 41
Le